
What is the hundred millions digit of 1834328855?
8
What is the hundreds digit of 10953853?
8
What is the millions digit of 261016476?
1
What is the ten thousands digit of 67607448?
0
What is the units digit of 1022543801?
1
What is the thousands digit of 903670023?
0
What is the hundred millions digit of 731308007?
7
What is the units digit of 79773428?
8
What is the tens digit of 216471991?
9
What is the hundred millions digit of 211725317?
2
What is the thousands digit of 356376668?
6
What is the units digit of 163103088?
8
What is the thousands digit of 319782393?
2
What is the billions digit of 5854343063?
5
What is the units digit of 43906284?
4
What is the hundred thousands digit of 239081177?
0
What is the hundred thousands digit of 1277970577?
9
What is the ten millions digit of 1391858670?
9
What is the hundred millions digit of 203611970?
2
What is the billions digit of 1107550081?
1
What is the ten millions digit of 2612728567?
1
What is the tens digit of 4344392527?
2
What is the hundred thousands digit of 1336857513?
8
What is the ten thousands digit of 15310283?
1
What is the hundreds digit of 2815562465?
4
What is the tens digit of 756456322?
2
What is the ten thousands digit of 91681622?
8
What is the tens digit of 1598322973?
7
What is the millions digit of 23919712?
3
What is the units digit of 381542582?
2
What is the hundred thousands digit of 217699057?
6
What is the ten millions digit of 2839549042?
3
What is the thousands digit of 460788052?
8
What is the hundred thousands digit of 89075301?
0
What is the millions digit of 785135370?
5
What is the hundred millions digit of 2201007344?
2
What is the ten thousands digit of 260759708?
5
What is the units digit of 408289504?
4
What is the units digit of 33747722?
2
What is the hundreds digit of 507766307?
3
What is the hundreds digit of 1792291498?
4
What is the hundred thousands digit of 639686305?
6
What is the ten thousands digit of 1056822338?
2
What is the ten millions digit of 3508145234?
0
What is the units digit of 11010467?
7
What is the ten thousands digit of 53616372?
1
What is the tens digit of 532042572?
7
What is the hundreds digit of 238832916?
9
What is the ten millions digit of 152358291?
5
What is the units digit of 73553916?
6
What is the tens digit of 1750242389?
8
What is the ten thousands digit of 159832543?
3
What is the ten thousands digit of 6660572262?
7
What is the hundred thousands digit of 691907235?
9
What is the hundred thousands digit of 2980212634?
2
What is the units digit of 5159113862?
2
What is the thousands digit of 45441743?
1
What is the units digit of 3884417940?
0
What is the ten thousands digit of 125249574?
4
What is the hundred millions digit of 927238089?
9
What is the millions digit of 17445980?
7
What is the ten millions digit of 181366791?
8
What is the hundred millions digit of 136742664?
1
What is the thousands digit of 44559755?
9
What is the millions digit of 10697447?
0
What is the tens digit of 213985237?
3
What is the ten millions digit of 40858618?
4
What is the millions digit of 65675499?
5
What is the ten millions digit of 201664732?
0
What is the ten millions digit of 1052881728?
5
What is the hundred millions digit of 137942811?
1
What is the ten thousands digit of 7153673341?
7
What is the ten millions digit of 42909265?
4
What is the units digit of 137365683?
3
What is the thousands digit of 223652294?
2
What is the millions digit of 88870752?
8
What is the hundred millions digit of 429554884?
4
What is the units digit of 253211411?
1
What is the ten millions digit of 596145243?
9
What is the tens digit of 445408638?
3
What is the hundred millions digit of 282455104?
2
What is the hundred millions digit of 1814332743?
8
What is the ten thousands digit of 60556346?
5
What is the hundreds digit of 1429871556?
5
What is the hundreds digit of 248659684?
6
What is the thousands digit of 275950227?
0
What is the ten millions digit of 12177068?
1
What is the ten millions digit of 41740500?
4
What is the hundreds digit of 13155324?
3
What is the tens digit of 4254944?
4
What is the hundreds digit of 42515362?
3
What is the ten thousands digit of 87321077?
2
What is the thousands digit of 886730395?
0
What is the ten millions digit of 88184890?
8
What is the ten millions digit of 96775344?
9
What is the millions digit of 1966800161?
6
What is the ten millions digit of 39095692?
3
What is the tens digit of 37663264?
6
What is the units digit of 241356766?
6
What is the units digit of 98755671?
1
What is the hundred thousands digit of 3237706876?
7
What is the tens digit of 119537221?
2
What is the thousands digit of 344801264?
1
What is the units digit of 16670037?
7
What is the tens digit of 37309903?
0
What is the hundred millions digit of 337778423?
3
What is the tens digit of 528136443?
4
What is the millions digit of 26714803?
6
What is the tens digit of 44423780?
8
What is the ten millions digit of 3932409109?
3
What is the ten thousands digit of 62782242?
8
What is the ten millions digit of 78580834?
7
What is the units digit of 11788025?
5
What is the millions digit of 40427679?
0
What is the hundred thousands digit of 3778311?
7
What is the hundred thousands digit of 2007183642?
1
What is the hundred millions digit of 157234190?
1
What is the tens digit of 4695108631?
3
What is the hundreds digit of 29272214?
2
What is the hundreds digit of 1596073843?
8
What is the tens digit of 24133436?
3
What is the tens digit of 2873089021?
2
What is the ten thousands digit of 32583422?
8
What is the tens digit of 385939272?
7
What is the hundreds digit of 9499251750?
7
What is the ten thousands digit of 2191010375?
1
What is the millions digit of 733744671?
3
What is the hundreds digit of 260174971?
9
What is the ten thousands digit of 191566792?
6
What is the thousands digit of 1277398929?
8
What is the hundred thousands digit of 50177583?
1
What is the ten thousands digit of 363867390?
6
What is the hundreds digit of 375154258?
2
What is the thousands digit of 290484641?
4
What is the ten thousands digit of 158668287?
6
What is the ten millions digit of 3302528961?
0
What is the ten thousands digit of 12746504?
4
What is the units digit of 28466037?
7
What is the ten millions digit of 17218101?
1
What is the units digit of 3316835586?
6
What is the hundreds digit of 4363521566?
5
What is the units digit of 16910353?
3
What is the hundred thousands digit of 1664798158?
7
What is the units digit of 1180076407?
7
What is the hundred millions digit of 333552590?
3
What is the hundreds digit of 442968509?
5
What is the units digit of 30954647?
7
What is the hundreds digit of 120580812?
8
What is the units digit of 2567459143?
3
What is the ten thousands digit of 233045723?
4
What is the ten millions digit of 4422344035?
2
What is the tens digit of 396547017?
1
What is the tens digit of 16738019?
1
What is the ten thousands digit of 76135026?
3
What is the hundred thousands digit of 22182728?
1
What is the units digit of 563184677?
7
What is the hundred thousands digit of 867323526?
3
What is the thousands digit of 28829493?
9
What is the millions digit of 102046944?
2
What is the hundred thousands digit of 890472518?
4
What is the thousands digit of 2751768545?
8
What is the hundred thousands digit of 427153724?
1
What is the millions digit of 72589311?
2
What is the ten thousands digit of 1724953236?
5
What is the ten thousands digit of 7557195135?
9
What is the ten millions digit of 22396203?
2
What is the hundred millions digit of 125449675?
1
What is the tens digit of 11086658?
5
What is the ten millions digit of 183134675?
8
What is the ten thousands digit of 386902055?
0
What is the thousands digit of 13378191?
8
What is the hundreds digit of 93172242?
2
What is the hundred millions digit of 667783748?
6
What is the tens digit of 31675280?
8
What is the hundreds digit of 989398446?
4
What is the ten millions digit of 2755561323?
5
What is the ten thousands digit of 931224220?
2
What is the thousands digit of 25671815?
1
What is the ten thousands digit of 807155627?
5
What is the thousands digit of 104900470?
0
What is the tens digit of 264360757?
5
What is the hundreds digit of 344416164?
1
What is the millions dig